*p - 1. Calculate d(-1).
-39
Let o(i) = i**3 - 5*i**2 - 8*i + 9. Calculate o(6).
-3
Let k(g) = -40*g**3 - 3*g**2 + 3*g + 1. Determine k(1).
-39
Let q(j) = -3*j**2 + 3*j - 2. Calculate q(2).
-8
Let q(j) = -13*j + 2. Calculate q(1).
-11
Let r(w) = w - 1. What is r(7)?
6
Let s(l) = 6*l - 8. Calculate s(0).
-8
Let m(o) = 2*o**2 - 9*o - 16. Calculate m(7).
19
Let m(g) = -g**2 - 3*g + 12. What is m(-5)?
2
Let k(j) = 30*j + 4. Give k(-2).
-56
Let m(l) = l**3 - 7*l**2 + 8*l. What is m(5)?
-10
Let c(w) = -w**2 + 45. Determine c(-7).
-4
Let h(f) = -f**3 - 44*f**2 - 85*f - 29. Determine h(-42).
13
Let r(l) = l**2 + 2*l + 7. Give r(4).
31
Let a(o) = -o**2 + o + 13. Calculate a(0).
13
Let j(n) = 3*n. Give j(12).
36
Let d(n) = n - 3. What is d(7)?
4
Let o(g) = -2*g**2 + 14*g + 31. Calculate o(9).
-5
Let g(z) = -z**3 - 2*z**2 + 9*z + 5. Give g(-4).
1
Let u(h) = -h**3 + 12*h**2 + 10*h + 34. Give u(13).
-5
Let v(q) = -2*q**3 - 15*q**2 + 11*q + 7. Give v(-8).
-17
Let j(h) = h**3 + 6*h**2 + 5*h + 2. Calculate j(-3).
14
Let a(d) = -4*d - 5. Give a(-12).
43
Let u(z) = -z**3 + 10*z**2 - 25*z - 8. Determine u(6).
-14
Let l(n) = 10*n + 196. What is l(-14)?
56
Let g(t) = -2*t**2 + 54*t - 48. What is g(26)?
4
Let r(y) = 3*y**2 - 16*y - 1. Determine r(6).
11
Let u(z) = -z**3 - 9*z**2 - 7*z - 12. Determine u(-8).
-20
Let j(k) = -2*k**2 - 30*k + 6. Determine j(-16).
-26
Let m(l) = l + 4. Give m(-3).
1
Let f(x) = -2*x**2 + 5*x + 10. Calculate f(4).
-2
Let b(n) = -n**3 + 7*n**2 - 4*n - 5. Give b(4).
27
Let o(p) = p**3 - 18*p**2 + 19*p - 36. Calculate o(17).
-2
Let f(d) = d**3 - 6*d**2 + 7*d + 2. Calculate f(5).
12
Let n(w) = -w**3 - 2*w**2 + 10*w + 4. Give n(-4).
-4
Let n(f) = -f**3 - 11*f**2 - 20*f + 10. Determine n(-8).
-22
Let d(n) = -2*n + 21. Determine d(6).
9
Let f(s) = 18*s - 30. Give f(7).
96
Let d(w) = -3*w + 70. Give d(14).
28
Let x(k) = k**3 + 14*k**2 + 12*k - 14. Determine x(-13).
-1
Let b(c) = 96*c - 4. What is b(1)?
92
Let n(x) = -191*x - 759. Give n(-4).
5
Let m(a) = -a**2 - 9*a - 11. What is m(-8)?
-3
Let q(o) = -o**3 + 9*o**2 - 12*o + 20. Calculate q(8).
-12
Let y(i) = 42*i - 251. Give y(6).
1
Let u(z) = 54*z + 705. Determine u(-13).
3
Let n(h) = -h**3 - 11*h**2 + h + 16. Calculate n(-11).
5
Let b(q) = -q**3 - 12*q**2 + q + 26. Give b(-12).
14
Let c(b) = 2*b**3 - 17*b**2 - 7*b. Give c(8).
-120
Let s(g) = -49*g + 37. Calculate s(1).
-12
Let l(h) = 25*h + 2. Calculate l(-2).
-48
Let w(v) = v**2 + 6*v - 16. Determine w(-9).
11
Let n(i) = i**2 - 3*i - 17. What is n(-6)?
37
Let p(w) = -w**3 + 12*w**2 + 7*w - 24. Determine p(12).
60
Let w(i) = i + 2. Calculate w(4).
6
Let v(g) = -2*g**2 - 33*g - 23. Calculate v(-15).
22
Let a(g) = 77*g + 303. Determine a(-4).
-5
Let s(q) = 2*q**2 - 2*q - 9. What is s(-3)?
15
Let h(q) = 2*q + 6. Determine h(5).
16
Let z(r) = -r**3 + 20*r**2 - 22*r + 18. Calculate z(19).
-39
Let k(n) = n**2 + 3*n - 1. Calculate k(-4).
3
Let f(z) = 6*z + 67. Determine f(-8).
19
Let n(o) = -4*o**3 + 12*o**2 - 5*o - 2. Calculate n(3).
-17
Let k(t) = -t - 4. Give k(3).
-7
Let g(o) = o**2 + 5*o - 14. Determine g(-7).
0
Let o(w) = w**3 + 10*w**2 + w + 6. Determine o(-10).
-4
Let d(s) = s**3 + 4*s**2 + 3. What is d(-3)?
12
Let b(s) = -s**2 - 4*s + 8. Give b(-5).
3
Let u(g) = g**2 + 5*g + 15. Calculate u(-9).
51
Let f(w) = 2*w**2 + 5*w + 8. Determine f(5).
83
Let x(g) = 299*g - 889. Calculate x(3).
8
Let b(a) = a**3 + 4*a**2 + 7*a + 4. Give b(-3).
-8
Let a(l) = -4*l**2 + 2*l + 34. Determine a(5).
-56
Let i(x) = -x**3 - 8*x**2 - 14*x + 6. What is i(-5)?
1
Let k(j) = -j**2 - 12*j - 6. Determine k(-11).
5
Let h(p) = -7*p + 286. Determine h(41).
-1
Let j(b) = b**2 + 2. Give j(0).
2
Let q(d) = -d**3 + 2*d**2 + d - 10. Calculate q(0).
-10
Let u(p) = 6*p + 43. Determine u(-7).
1
Let g(y) = 3*y - 17. Determine g(10).
13
Let n(c) = -61*c - 84. What is n(-2)?
38
Let y(g) = -48*g + 1338. What is y(28)?
-6
Let r(s) = 13*s - 139. Determine r(11).
4
Let a(t) = 3*t - 1. What is a(-6)?
-19
Let b(z) = 4*z + 25. What is b(-10)?
-15
Let s(x) = -35*x**2 - x. What is s(-1)?
-34
Let h(k) = -2*k**2 - 71*k + 27. What is h(-36)?
-9
Let v(l) = -l**3 + 7*l**2 - 2*l + 6. Give v(7).
-8
Let p(a) = a - 15. Determine p(-2).
-17
Let l(t) = 2*t. Give l(-5).
-10
Let d(k) = k**3 + 14*k**2 - k - 17. What is d(-14)?
-3
Let x(p) = -176*p - 1407. What is x(-8)?
1
Let t(u) = -20*u**2 - 2*u - 1. Calculate t(-1).
-19
Let b(m) = m**3 - 14*m**2 + 16*m - 26. What is b(13)?
13
Let x(d) = 2*d**3 + d**2 + 3*d + 1. Determine x(-2).
-17
Let s(r) = r - 7. Calculate s(13).
6
Let g(k) = k**3 - k**2 - k + 5. Calculate g(4).
49
Let g(l) = 2*l**3 - 36*l**2 - 2*l + 32. What is g(18)?
-4
Let l(b) = b + 14. Calculate l(-15).
-1
Let c(a) = 10*a**2 + 8*a - 18. Give c(2).
38
Let u(f) = f**3 - 13*f**2 + 8*f - 146. Calculate u(13).
-42
Let n(r) = 2*r**3 + 5*r**2 + 4*r. Determine n(-2).
-4
Let z(x) = -19*x - 404. Calculate z(-22).
14
Let i(w) = w + 6. What is i(7)?
13
Let a(y) = -y**2 + 11*y + 21. Calculate a(13).
-5
Let t(a) = 11*a + 34. Calculate t(0).
34
Let r(m) = 3*m**2 - 3*m - 4. Give r(-2).
14
Let a(l) = -l**3 + 5*l**2 - 8*l + 10. Give a(4).
-6
Let v(n) = -n**2 - 15*n + 33. Calculate v(-16).
17
Let w(a) = 4*a**3 - 2*a**2 - 2*a + 2. Determine w(-2).
-34
Let z(o) = o**3 - 2*o**2 - 3*o + 8. Determine z(2).
2
Let g(z) = 5*z**2 - 54*z - 17. Determine g(11).
-6
Let z(o) = -4*o**2 + 11*o - 3. Give z(3).
-6
Let c(h) = h**3 - 2*h**2 + 4*h - 2. Give c(3).
19
Let t(q) = -2*q**2 - 8*q + 58. Determine t(-8).
-6
Let m(k) = k**2 - 16*k + 15. Determine m(12).
-33
Let f(o) = o**3 - 2*o + 3. Give f(3).
24
Let r(k) = k**2 + 4*k - 10. Calculate r(-5).
-5
Let u(a) = -18*a + 19. Give u(-4).
91
Let c(y) = -y**3 - 6*y**2 + 17*y - 5. Determine c(-8).
-13
Let l(r) = -r**3 + 10*r**2 - 16*r + 27. Give l(8).
27
Let y(q) = -q**3 - 5*q**2 - q - 3. Calculate y(-4).
-15
Let c(t) = 21*t**2 - 67*t + 6. What is c(3)?
-6
Let y(i) = -3*i + 3. Calculate y(6).
-15
Let j(a) = a**2 + 4*a - 6. Give j(-8).
26
Let t(f) = f**2 - 227. Determine t(-15).
-2
Let s(k) = -k**3 + 13*k**2 - 40*k + 19. Calculate s(10).
-81
Let m(g) = -g**3 - 3*g**2 + 5*g - 7. Give m(3).
-46
Let x(b) = b**3 - 10*b**2 - 15. Determine x(10).
-15
Let j(a) = 4*a**2 + 19*a + 36. Calculate j(-3).
15
Let o(j) = j**3 - 50*j**2 - 102*j - 116. Calculate o(52).
-12
Let z(a) = 10*a**2 + 1. Give z(1).
11
Let m(r) = -6*r + 41. What is m(9)?
-13
Let f(y) = -7*y + 16. What is f(2)?
2
Let b(j) = -j**2 + 67*j - 136. Give b(2).
-6
Let z(f) = f**3 + 9*f**2 + 10*f + 8. Give z(-8).
-8
Let m(o) = 3*o**3 - 8*o - 19. What is m(-3)?
-76
Let s(i) = i**2 - 8*i - 73. Calculate s(14).
11
Let x(j) = 2*j - 11. Determine x(7).
3
Let n(l) = -l**2 - 16*l - 30. Calculate n(-12).
18
Let u(d) = -3*d - 5. Calculate u(-7).
16
Let h(j) = j**3 + 6*j**2 - 5*j - 6. Give h(-5).
44
Let i(y) = y**3 + 5*y**2 - 3. Give i(-5).
-3
Let p(x) = x**2 - 15*x + 27. Calculate p(13).
1
Let x(q) = 17*q + 31. Give x(-4).
-37
Let b(f) = f**2 - 7*f - 8. Calculate b(8).
0
Let d(j) = j**2 - 5*j - 16. Calculate d(7).
-2
Let f(j) = -2*j**2 + 24*j + 31. What is f(13)?
5
Let u(c) = -7*c - 135. Give u(-21).
12
Let a(f) = -f**3 + 2*f**2 + 18*f + 1. Determine a(-6).
181
Let c(s) = -s**3 - 2*s**2 - 5*s - 3. Give c(-2).
7
Let w(t) = -t**3 - 6*t**2 + 24*t - 9. What is w(-9)?
18
Let h(d) = -d**3 - 18*d**2 - 47*d + 20. What is h(-15)?
50
Let i(k) = k**3 + k**2 - 9. Calculate i(0).
-9
Let l(a) = 3*a**2 - 42*a - 1. What is l(14)?
-1
Let s(b) = -7*b - 82. Give s(-12).
2
Let s(v) = 10*v**3 + v**2 + v + 1. Give s(-1).
-9
Let s(w) = -w**2 + w - 4. Calculate s(-7).
-60
Let o(j) = j**3 + 6*j**2 - 6*j - 9. What is o(-6)?
27
Let i(a) = 2*a**3 + 17*a**2 + 23*a + 27. What is i(-7)?
13
Let z(c) = 2*c**2 + 6*c + 3. Calculate z(-3).
3
Let c(x) = x**3 - 7*x**2 - 15*x + 51. Give c(7).
-54
Let j(y) = y**3 - 5*y**2 + 4. Give j(5).
4
Let z(f) = f + 13. Determine z(-6).
7
Let l(f) = f**2 - 7*f + 11. What is l(5)?
1
Let i(j) = -j**3 + 13*j**2 + 30*j - 17. Determine i(15).
-17
Let g(u) = -13*u**2 - 5*u - 3. Determine g(-1).
-11
Let k(q) = -9*q - 37. Calculate k(-8).
35
Let g(o) = o**3 - 21*o**2 + 18*o + 43. Calculate g(20).
3
Let p(s) = -4*s**2 + 7*s - 5. Calculate p(1).
-2
Let d(a) = 12*a - 260. Give d(19).
-32
Let v(i) = i**3 + 6*i**2 - 20*i - 92. Calculate v(-7).
-1
Let b(y) 